e the prime factors of 1403967160?
2, 5, 35099179
What are the prime factors of 193708628?
2, 48427157
List the prime factors of 535869090.
2, 3, 5, 47, 126683
List the prime factors of 94961217.
3, 13, 2434903
What are the prime factors of 2506438933?
2506438933
List the prime factors of 2020244556.
2, 3, 11, 1391353
What are the prime factors of 107483142?
2, 3, 13, 67, 131, 157
List the prime factors of 703735684.
2, 175933921
List the prime factors of 47062196.
2, 79, 148931
What are the prime factors of 231290253?
3, 17, 383, 3947
List the prime factors of 74781742.
2, 7, 17, 44887
List the prime factors of 4360267616.
2, 136258363
What are the prime factors of 2258551?
383, 5897
What are the prime factors of 185426899?
7, 29, 913433
List the prime factors of 1799100224.
2, 239, 117619
What are the prime factors of 79228569?
3, 7, 61, 127, 487
What are the prime factors of 35077295?
5, 11, 37, 1567
List the prime factors of 318359869.
193, 1649533
List the prime factors of 419265212.
2, 2531, 41413
What are the prime factors of 3942727598?
2, 1971363799
What are the prime factors of 25940205?
3, 5, 23, 71, 353
List the prime factors of 711940528.
2, 13, 23, 148817
What are the prime factors of 1089081941?
43, 25327487
What are the prime factors of 183066458?
2, 91533229
List the prime factors of 236998400.
2, 5, 19, 1949
What are the prime factors of 649844401?
2347, 276883
What are the prime factors of 431755433?
131, 3295843
List the prime factors of 181029477.
3, 47, 1283897
List the prime factors of 148385330.
2, 5, 14838533
What are the prime factors of 24368157?
3, 11, 17, 14479
What are the prime factors of 264494402?
2, 19, 6960379
List the prime factors of 321314851.
11, 13, 269, 8353
List the prime factors of 11434475.
5, 13, 151, 233
List the prime factors of 516806360.
2, 5, 7, 47, 173, 227
What are the prime factors of 181237262?
2, 59, 1535909
What are the prime factors of 488678987?
683, 715489
What are the prime factors of 14765579?
31, 331, 1439
List the prime factors of 66891879.
3, 97, 25541
List the prime factors of 102817533.
3, 7, 13, 173, 311
List the prime factors of 1052849808.
2, 3, 59, 123923
What are the prime factors of 31980553?
11, 17, 19, 9001
What are the prime factors of 1750472353?
7, 250067479
What are the prime factors of 44998982?
2, 7, 3214213
What are the prime factors of 340504226?
2, 883, 192811
What are the prime factors of 5308136992?
2, 165879281
List the prime factors of 75633546.
2, 3, 12605591
List the prime factors of 102783144.
2, 3, 4282631
What are the prime factors of 66962378?
2, 7, 37, 257, 503
List the prime factors of 45284837.
13, 3483449
What are the prime factors of 1241399244?
2, 3, 983, 105239
What are the prime factors of 3109532212?
2, 777383053
What are the prime factors of 46268231?
46268231
List the prime factors of 904025106.
2, 3, 271, 185327
List the prime factors of 62731328.
2, 11, 89107
What are the prime factors of 347666790?
2, 3, 5, 29, 399617
List the prime factors of 702400248.
2, 3, 11, 10949
What are the prime factors of 1718916421?
1753, 980557
What are the prime factors of 3126364764?
2, 3, 227, 1147711
List the prime factors of 32045559.
3, 7, 13, 41, 409
What are the prime factors of 111820630?
2, 5, 97, 115279
What are the prime factors of 676713652?
2, 19, 8904127
List the prime factors of 449551021.
4943, 90947
List the prime factors of 1172354309.
7, 167479187
What are the prime factors of 749714454?
2, 3, 271, 17077
List the prime factors of 266316110.
2, 5, 79, 277, 1217
List the prime factors of 936135441.
3, 34671683
What are the prime factors of 80296712?
2, 17, 131, 4507
What are the prime factors of 5495810071?
5495810071
List the prime factors of 3272690091.
3, 11, 99172427
What are the prime factors of 1662372524?
2, 2459, 169009
What are the prime factors of 593840125?
5, 283, 16787
What are the prime factors of 5139483872?
2, 269, 597059
List the prime factors of 140659066.
2, 103, 682811
What are the prime factors of 140077562?
2, 70038781
What are the prime factors of 223471194?
2, 3, 37, 439, 2293
List the prime factors of 21752744.
2, 13, 37, 5653
What are the prime factors of 3384744017?
101, 379, 88423
List the prime factors of 122389697.
19, 6441563
What are the prime factors of 114738423?
3, 17, 2249773
List the prime factors of 4527965.
5, 13, 69661
What are the prime factors of 1018769366?
2, 509384683
List the prime factors of 44488209.
3, 14829403
List the prime factors of 39538120.
2, 5, 988453
List the prime factors of 514692423.
3, 7, 137, 1217
List the prime factors of 34612163.
47, 736429
What are the prime factors of 31365833?
17, 1845049
List the prime factors of 691171098.
2, 3, 115195183
List the prime factors of 81990560.
2, 5, 47, 10903
What are the prime factors of 224891695?
5, 7, 19, 338183
List the prime factors of 1967412364.
2, 23, 53, 331
What are the prime factors of 339167562?
2, 3, 281, 201167
What are the prime factors of 113730469?
23, 4944803
List the prime factors of 44134215.
3, 5, 2942281
List the prime factors of 47515411.
1373, 34607
What are the prime factors of 249388528?
2, 19, 179, 4583
List the prime factors of 70252688.
2, 11, 399163
What are the prime factors of 119511176?
2, 71, 210407
List the prime factors of 21514740.
2, 3, 5, 13, 27583
List the prime factors of 6279999.
3, 11, 47, 4049
What are the prime factors of 264489984?
2, 3, 11, 2609
List the prime factors of 1284695911.
29, 44299859
List the prime factors of 152871558.
2, 3, 7, 83, 43853
List the prime factors of 1155366774.
2, 3, 23, 599, 1553
List the prime factors of 2001223694.
2, 41, 24405167
List the prime factors of 1207184528.
2, 11, 6859003
List the prime factors of 64392194.
2, 167, 192791
List the prime factors of 1708461708.
2, 3, 31, 83, 55333
What are the prime factors of 1680882415?
5, 336176483
What are the prime factors of 132645667?
7, 11, 257, 6703
What are the prime factors of 68570412?
2, 3, 263, 21727
List the prime factors of 43120410.
2, 3, 5, 1437347
List the prime factors of 39678740.
2, 5, 67, 29611
What are the prime factors of 556074339?
3, 67, 2766539
What are the prime factors of 7289346575?
5, 7, 5950487
What are the prime factors of 2288252563?
5821, 393103
What are the prime factors of 1088809017?
3, 362936339
List the prime factors of 176357693.
587, 300439
What are the prime factors of 12640166?
2, 7, 11, 211, 389
What are the prime factors of 2423224412?
2, 7, 86543729
List the prime factors of 117856617.
3, 103, 381413
List the prime factors of 1527019615.
5, 11, 4049, 6857
What are the prime factors of 166346607?
3, 7, 89, 89003
What are the prime factors of 143772854?
2, 31, 2318917
List the prime factors of 270425677.
199, 479, 2837
What are the prime factors of 36636677?
7, 11, 23, 137, 151
List the prime factors of 1717227953.
7, 17, 29, 497603
List the prime factors of 642261386.
2, 13, 2143, 11527
What are the prime factors of 31846456?
2, 1217, 3271
List the prime factors of 1194831.
3, 11, 149
What are the prime factors of 545858009?
545858009
List the prime factors of 2006144572.
2, 223, 449, 5009
List the prime factors of 12330770.
2, 5, 193, 6389
What are the prime factors of 81685599?
3, 757, 35969
What are the prime factors of 105586255?
5, 21117251
What are the prime factors of 45520879?
2153, 21143
What are the prime factors of 61806775?
5, 307, 8053
List the prime factors of 5963694781.
11, 31, 47, 139, 2677
What are the prime factors of 312567029?
312567029
What are the prime factors of 45292253?
45292253
List the prime factors of 3588619662.
2, 3, 199367759
What are the prime factors of 1254694060?
2, 5, 4261, 14723
What are the prime factors of 528660589?
23, 269, 85447
List the prime factors of 100846926.
2, 3, 67, 83621
What are the prime factors of 12474131?
149, 83719
What are the prime factors of 234811497?
3, 17, 4604147
List the prime factors of 18955247.
18955247
List the prime factors of 46588003.
7, 11, 605039
What are the prime factors of 2167671866?
2, 47, 311, 74149
What are the prime factors of 3777033141?
3, 7, 211, 40591
What are the prime factors of 21873408?
2, 3, 19, 1499
What are the prime factors of 6409890447?
3, 23, 92896963
What are the prime fac